057 + -3093. What is the highest common factor of 4 and d?
4
Let y be (-1090)/6 - 2*2/12. Let u = y + 92. Let p = 117 + u. Calculate the greatest common divisor of p and 27.
27
Let p = -3733 + 5182. Calculate the highest common factor of 138 and p.
69
Suppose 0 = -13*j + 24*j + 44. Let x be 668/2 + (0 - (j - 0)). What is the highest common divisor of 26 and x?
26
Let p = 1585 + -1489. What is the highest common factor of 816 and p?
48
Let y be (-27)/45 - (-5)/((-100)/(-14652)). Let k = -687 + y. Calculate the greatest common divisor of k and 120.
15
Let h(s) = -2*s**3 - 26*s**2 + 23*s + 52. Let g be h(-16). What is the greatest common divisor of 60 and g?
20
Let n be 1*-3 - (0 - 62)/2. Suppose -5*w - n = -2*x, -5*x = -w - 10*x + 16. Let u = 1 - w. Calculate the highest common divisor of 85 and u.
5
Suppose -43*l + 44*l + 89 = 0. Let h = 124 + l. What is the highest common divisor of 385 and h?
35
Let p = -3603 + 3668. Suppose 0 = -v - t + 326, 3*v + t - 980 = -4*t. Calculate the greatest common factor of v and p.
65
Suppose 0 = 36*p - 32*p - 72. Let x = p - 27. Let f be 2*(3780/(-8))/x. Calculate the greatest common divisor of f and 21.
21
Let m be (2 - 1) + -4 + 122 + 2. Let s = 49 - m. Let h = s + 84. What is the greatest common divisor of 30 and h?
6
Suppose 5*c = -2*r - 266, 7*c = -3*r + 9*c - 399. Let y = r + 213. What is the highest common factor of y and 32?
16
Suppose -2*i = -5*d + 224, -2*i + d - 66 = 174. Let c be 5 - (-7 + 6 + i). Calculate the greatest common divisor of 16 and c.
16
Let j = -2855 + 3163. What is the greatest common divisor of 704 and j?
44
Let q = -3769 + 3838. What is the highest common factor of 1012 and q?
23
Let c(x) = x**3 + 3*x**2 + 4. Let p be c(-3). Suppose p*j = -3*a - 78, -2*a - j - 70 = -18. Let l = a + 39. Calculate the highest common factor of 78 and l.
13
Let u(s) = -42*s + 1289. Let g be u(27). What is the highest common factor of 1860 and g?
155
Let s(h) be the third derivative of 227*h**5/60 - h**4/3 - h**3/2 + 196*h**2. Let t be s(-1). What is the highest common factor of 29 and t?
29
Suppose -272 = -5*d - 4*k, 2*d + 2*d - 5*k = 234. Let r = d - 54. Let l be (0 - (1 - r)) + 11 + 87. What is the highest common divisor of l and 11?
11
Let s = 33 + -15. Suppose o - 2928 = -6*h + 9*h, 3*o + h - 8744 = 0. Suppose o = -0*g + 18*g. Calculate the highest common factor of s and g.
18
Suppose 1237*x - 2060 = 1232*x. What is the highest common divisor of x and 36?
4
Suppose -354*a + 369*a - 180 = 0. Calculate the highest common factor of 4524 and a.
12
Let q(y) = -y**3 + 5*y**2 + 4*y + 10. Let d be q(5). Let t be 1/(3 - (-133)/(-44)). Let w = t - -64. Calculate the greatest common factor of d and w.
10
Let c be (2/(-4))/(3/(-156)). Let d be (-4 + 30/(-6))*2. Let t = 44 + d. What is the greatest common divisor of c and t?
26
Suppose -217*t + 238*t - 244062 = 0. What is the highest common divisor of t and 78?
78
Suppose 3*s + 39 = 4*p, 8*p - 5*p + s - 13 = 0. Let k be 136/p*(-63)/(-12). What is the greatest common divisor of 17 and k?
17
Suppose 3*w - 1798 + 1738 = 0. What is the highest common divisor of 1580 and w?
20
Let a(j) = 4*j**2 + 91*j + 337. Let n be a(-43). What is the highest common factor of n and 40?
20
Let r(y) = -33*y - 1. Let b be r(-3). Suppose -468 + 101 = -2*l - 5*x, 211 = l - 3*x. Calculate the greatest common divisor of l and b.
98
Let i = 8536 - 5135. Calculate the highest common factor of 38 and i.
19
Suppose 0 = -0*u - 3*u + 30. Suppose -3*z - 2*l + 44 = 0, u = 2*z - 3*l - 2. Let x be 9/z - 1044/(-16). Calculate the highest common divisor of x and 99.
33
Suppose 2*u - 5*n = 832, 4*u = 42*n - 47*n + 1544. What is the highest common factor of u and 21516?
132
Suppose 0*g + 5*g = 10. Let x(h) = -8*h**3 + 19*h + 2 + 9*h**3 + 22 + 19*h**g. Let a be x(-18). What is the greatest common factor of 2 and a?
2
Let t(v) = -14*v**2 + 2*v + 10. Let r be (1 + 6/(-4))/((-3)/18). Let z be t(r). Let d be z/(-6) - (-9)/(-27). Calculate the greatest common factor of d and 144.
18
Suppose -1388 = -7*k - 1346. Calculate the greatest common factor of k and 11634.
6
Let n(r) = 19*r - 252. Let z be n(34). Suppose 4*g = 3*v - z, -3*v - 3*g + 466 = 79. What is the greatest common divisor of 20 and v?
10
Suppose 4*i = 62*i - 5104. Suppose t + 4*y - 40 = -3*t, -y - 56 = -5*t. What is the greatest common divisor of t and i?
11
Let f(z) = -12*z - 15. Let m be f(7). Let b = m + 101. Suppose c + 903 = 3*g + 6*c, -b*g = -2*c - 602. Calculate the highest common factor of g and 43.
43
Let z = 403 + -439. Let b be (-4 - -1) + z*(-32)/24. Calculate the greatest common factor of b and 18.
9
Suppose 19 = 2*i + 15. Suppose -v = -i*v + 10. Suppose -96 = -v*t + 4. Calculate the greatest common factor of t and 4.
2
Let z(b) = -722*b - 42. Let h be z(-1). Let t = h + -526. Calculate the greatest common factor of t and 28.
14
Let j(v) = -v**3 + 17*v**2 - 24*v - 33. Let a be j(15). Suppose -4*k + 22*k = 108. What is the highest common divisor of a and k?
3
Suppose 11*x + 68357 = 191777. What is the highest common divisor of x and 255?
255
Let a = -67 + 64. Let n(k) = -3*k**3 - k**2 + 3*k - 3. Let d be n(a). What is the greatest common factor of 480 and d?
60
Let v = 9606 + -8838. Calculate the greatest common divisor of 12 and v.
12
Let m(j) = 3*j**3 - 15*j**2 - 61*j + 286. Let z be m(6). Let v = 49 - -49. What is the highest common factor of v and z?
14
Let v = 64 + -58. Let x be 18/(-27)*v/(-4). Let q be (-4*x)/((-9)/270). Calculate the highest common divisor of 24 and q.
24
Suppose -25 = -4*k - k. Suppose -43*z + 296 + 2069 = 0. What is the greatest common factor of k and z?
5
Let n be 30 + 320/(-12 - 4). What is the highest common divisor of n and 1190?
10
Let l(d) = 2*d**3 - 18*d**2 + 27*d - 402. Let n be l(18). What is the highest common factor of 51 and n?
51
Let i = -58 + 252. Let q = i - 154. What is the highest common divisor of q and 280?
40
Suppose b - 3*t + 7 = 0, -2*b + 4*b = -4*t + 16. Let k = 603 - 653. Let r be (-98)/35*k/b. Calculate the highest common divisor of 28 and r.
14
Let f = 8183 - 1655. Calculate the highest common factor of 153 and f.
51
Let t(x) = 255 + 4*x**2 - 509 + 245 - 14*x. Let i be t(5). Calculate the greatest common divisor of 105 and i.
21
Let p(r) = 8*r**2. Let s be p(-3). Suppose -3*x + 168 = -s. Suppose 787 - 601 = 60*h - 2214. What is the greatest common factor of x and h?
40
Let b = 42 + -40. Suppose -b*z + x + 9 = 0, 3*z - 2*x = -5*x - 9. Suppose 34 = 3*p + 4*i - 8, -3*p = 3*i - 45. What is the greatest common factor of z and p?
2
Suppose 54*a - 1070 - 1252 = 0. Calculate the highest common divisor of a and 2193.
43
Let h be 2/(-5 - -3) + 7/1. Let p be ((-2)/6)/(h/36). Let w be -4*p/16*18. What is the highest common divisor of w and 3?
3
Suppose -275*n - 4824 = -15164 - 7535. What is the highest common factor of 2067 and n?
13
Suppose 3*t + 370 = -2*t. Suppose 29 = -p - 36. Let y = p - t. What is the highest common factor of y and 99?
9
Suppose 0 = 3*v - 9, -4*r - 4*v + 0*v = -148. Let y be 46*1*(5 - 6). Let m be 12/9*(-3519)/y. What is the highest common divisor of m and r?
34
Let a be (4 - 3)*-1*3. Let p be 75*-5*1/a. What is the highest common factor of p and 50?
25
Let c = 5 - 0. Let d = -346 + 508. Suppose 2*s - i = d, -c*s - 2*i + 392 = 2*i. Calculate the highest common factor of s and 32.
16
Let j be ((-2)/(-4))/((-225)/(-20) - 11). Suppose 3*d = o + 102, 5*d + o + j*o - 156 = 0. Calculate the greatest common divisor of d and 44.
11
Suppose -14*y + 27*y = 84 + 150. Calculate the highest common divisor of 11160 and y.
18
Let k be 107/856 + 18/(-16) + 520. Calculate the greatest common factor of 15 and k.
3
Let i = -26 - 22. Let h = i - -37. Let l(b) = -b**3 - 10*b**2 + 9*b - 11. Let f be l(h). What is the highest common divisor of f and 11?
11
Suppose -369*t + 40 = -377*t. Let p(h) = 22*h**2 + 108*h - 7. Let b be p(t). What is the highest common divisor of 15 and b?
3
Suppose -3*l - 4*v + 2302 = 0, 87*v - 85*v = 3*l - 2332. What is the highest common factor of 144 and l?
18
Let d be 70/(-105) + (-1018)/(-6). Suppose -172*x = -d*x - 210. What is the highest common divisor of x and 10?
10
Let x be ((-59420)/(-300) - (-1)/(-15)) + 6. Calculate the greatest common divisor of 51 an